at are the prime factors of 140/15 + -6 - 998224/(-24)?
2, 10399
Let l(n) = 274*n**2 - 25*n - 43. Suppose -12*m - 3*m - 30 = 0. List the prime factors of l(m).
1103
Let d = 50 - 48. Suppose 32 = d*a - 0*a. Let l(v) = 6*v + 17. List the prime factors of l(a).
113
Let a = 368 - 364. Suppose 0 = a*g - 2*z - 2382, g = -3*g - 5*z + 2361. List the prime factors of g.
2, 3, 11
Let q(o) = -5*o**3 - 5*o**2 + 15*o + 15. Let p(i) = 6*i**3 + 6*i**2 - 14*i - 15. Let w(k) = 3*p(k) + 4*q(k). What are the prime factors of w(-6)?
3, 89
Let d = 687 + 1298. What are the prime factors of d?
5, 397
Let z = 168 + 6088. What are the prime factors of z?
2, 17, 23
Let w = 15582 + -15323. List the prime factors of w.
7, 37
Let h be (-3)/(-2) - 297/54. Let q(a) = 23*a**2 - 4*a - 17. What are the prime factors of q(h)?
367
Let t(v) be the first derivative of 47*v**2/2 - v - 192. Suppose -5*u = 3*o - u - 26, 4*o - 18 = -2*u. List the prime factors of t(o).
3, 31
Let h(d) = -16*d - 96. Let i(w) = -4. Let y(p) = h(p) + 5*i(p). What are the prime factors of y(-15)?
2, 31
Let v = -35853 + 53057. What are the prime factors of v?
2, 11, 17, 23
Let u be 2/(-7) + 3350/(-35). Let f = 124 + u. Suppose -4*v = -w - 2*w + f, 5*v = -5*w. What are the prime factors of w?
2
Suppose -5*m - 2*z = -432, -m + z + 87 = 2*z. Let s = 68 - m. What are the prime factors of 8/((-48)/s) - (-64 - 2)?
3, 23
Suppose 206*s = -13*s + 4802358 - 306507. What are the prime factors of s?
3, 2281
Suppose 0 = -2*a - 10, -4*j - 5*a - 5 = 8. Suppose 0 = 33*u - 2*u - 124. Suppose 4*z - 47 + j = -4*o, -2*z + 52 = u*o. List the prime factors of o.
3, 5
Suppose -s + 5*k = 3, 13 - 12 = s - k. What are the prime factors of -1906*(-7)/14 - s?
3, 317
Let a = 10276 - -5888. List the prime factors of a.
2, 3, 449
Let x be (-3308)/(-6) + 12/18. Suppose 185*m = 181*m + x. List the prime factors of m.
2, 3, 23
Suppose 0 = 11*w - 28*w - 136. List the prime factors of -9 + (-24)/w + 930.
2, 3, 7, 11
Let i be 18/(-45) - (-4)/10. Suppose i = -p + 17 - 10. List the prime factors of 660/p + -2*3/21.
2, 47
Let t be (-5 - -6)*((-4)/(-2) - 2). Let l = t - 4. Let b(q) = -2*q**3 - 4*q**2 + 8*q + 2. List the prime factors of b(l).
2, 17
Let s(t) = -66*t**3 + t**2 - 1. Let m be s(1). What are the prime factors of (-5324)/m + (-1)/(-3)?
3
Let r(v) = v**2 + 9*v + 3. Let i be r(-5). Let k be (-45)/(-12) - 5980/208. Let o = i - k. What are the prime factors of o?
2
Suppose 16034 = 15*c - 1861. Suppose 3*u + 1191 = 4*h, -4*h + 9*u + c = 4*u. List the prime factors of h.
3, 11
Let t(y) = -y**2 - 8*y + 126. Let p be t(8). Let n = 73 - -3. List the prime factors of ((-5 + n)*p)/(-1).
2, 71
Suppose -183 = 8*r - 15. Suppose s - 6*s + 945 = 0. Let y = r + s. What are the prime factors of y?
2, 3, 7
Let m(h) = -387*h + 1. Let k be m(-2). Let l be (-1)/3 + 57/9. Suppose -k = -l*b + b. List the prime factors of b.
5, 31
Let v be -1 + 65086 - (10 + (10 - 18)). List the prime factors of (v/74)/(1/2).
1759
Let s = 505 - 211. Let g = -111 + -89. Let j = g + s. What are the prime factors of j?
2, 47
Suppose 6*j - 126 - 24 = 0. Suppose 5*t = -5 + j. Suppose 2*i - 2*b = 2*b + 38, 5*i = t*b + 113. What are the prime factors of i?
5
Let o = 136 + -113. What are the prime factors of (-7 + -2)/(-1 + 22/o)?
3, 23
What are the prime factors of (-39)/(-65)*1765*-1*(-92)/2?
2, 3, 23, 353
Let f = -519 + 1320. Suppose 3*c - f = -5*h, -c - 48 + 315 = -3*h. List the prime factors of c.
3, 89
Let v = 294 + -284. Suppose v*g + 151 = 5351. List the prime factors of g.
2, 5, 13
Let s = 61 + -57. Suppose -2430 + 2 = -s*x. What are the prime factors of x?
607
Suppose -b = -4*f - 197, 2*b + 2*f - 279 = 165. Let a = b + 197. Let o = a + -189. List the prime factors of o.
3, 5
Suppose 2*z - 44 = 7*z + 3*a, -3*z - 36 = -3*a. List the prime factors of ((-15)/z + -2)/(2/(-1016)).
2, 127
Suppose k + 2*x - 3070 = 0, x - 1517 = k - 4596. List the prime factors of k.
2, 769
Suppose -3*b = -10*b + 1176. Let t = b + 333. List the prime factors of t.
3, 167
Let a(j) = 480*j**3 - 2*j**2 - 5*j + 12. What are the prime factors of a(4)?
2, 5, 13, 59
Suppose -240 = -3*t - 2*t. Let l = t - 47. What are the prime factors of (-6975)/(-63) - (l - 9/7)?
3, 37
Suppose 4*o + 17 = -3, -y = -o - 9. Let a(m) = -4*m + m + y*m + 16*m**3 - 1 - m**2. List the prime factors of a(1).
3, 5
Suppose 3*f + 13*r = 22709, 5*r - 9924 = -3*f + 12793. List the prime factors of f.
2, 7, 541
Let t(l) = -4*l - 7. Let f be t(-6). Let j(n) = n**3 - 15*n**2 - 25*n - 4. What are the prime factors of j(f)?
149
Let u(t) = 2135*t + 2381. What are the prime factors of u(13)?
2, 3767
Let b be (3/(-2))/((-9490)/9520 + 1). Let u = 644 + b. List the prime factors of u.
2, 3, 7
Suppose 21*a = 30*a - 17*a + 86504. List the prime factors of a.
11, 983
Suppose -2*d - 9 = -3*d. Suppose z = b - 4, 5*b - d - 1 = -5*z. What are the prime factors of 40 - b - (-4)/1?
41
Let g = -45 + 56. Let o(c) = 16*c - 79. Let p(l) = -8*l + 39. Let z(d) = g*p(d) + 6*o(d). What are the prime factors of z(19)?
107
Let n(m) = -m**2 + 31*m - 234. Let w be n(13). Suppose w = 8*y - 5480 + 592. What are the prime factors of y?
13, 47
Suppose 3014*m - 168780 = 3009*m. What are the prime factors of m?
2, 3, 29, 97
Suppose 6*a - 161656 = 3*m - 11857, -24977 = -a - 3*m. List the prime factors of a.
2, 3121
Suppose -20540 = -4*y - 2*p, -39*p + 4 = -41*p. What are the prime factors of y?
2, 3, 107
Suppose 8*p - 3*p - 61 = z, 0 = 2*z + 2. Suppose -8 = -4*o - p. What are the prime factors of (-9 - (-2 + o))/(8/(-84))?
3, 7
Let h = 634 + -630. Suppose 3*x = 2*x + h*r + 1297, -5*x - r + 6506 = 0. What are the prime factors of x?
1301
Let r(m) = 185*m**2 + 14*m - 11. Let b be r(-5). Suppose -158*u + 166*u = b. What are the prime factors of u?
2, 71
Let l(n) = n**3 + 14*n**2 - 6*n - 13. Let w be l(-13). Let i be (-15)/(-30) - w/4. Let f = i - -83. List the prime factors of f.
5
Suppose 4*g - 167 = -3*y, -5*g - 5*y = -g - 161. Suppose 3*r - 14 + g = 0. Let p(h) = -9*h + 8. List the prime factors of p(r).
2, 7
Let c be 6/(-4)*(-2064)/36. Suppose -33 - c = -k. What are the prime factors of k?
7, 17
Suppose 384*k + 79696 = 388*k. List the prime factors of k.
2, 17, 293
Suppose -5*z - 21*z = 0. What are the prime factors of (z + 0 - -3)*(-400)/(-12)?
2, 5
Let w = -407 - -582. Suppose w*t - 1085 = 168*t. What are the prime factors of t?
5, 31
Let y = -153 - -153. Let c(a) = -2*a**2 + 3. Let z be c(y). Suppose -z*k = -636 - 12. List the prime factors of k.
2, 3
List the prime factors of ((-556614)/(-90) - (8/5 + -2)) + -1.
2, 773
Let k(i) = -14746*i - 32. What are the prime factors of k(-1)?
2, 7, 1051
What are the prime factors of (48/10)/(120/248100)?
2, 3, 827
Suppose 0 = -6*o + 12*o - 1482. Let k = 138 - o. Let x = 135 + k. List the prime factors of x.
2, 13
Let u(c) = -c**2 - 13*c - 15. Let p be u(-5). Suppose -p*o + 12891 + 1409 = 0. What are the prime factors of o?
2, 11, 13
Let o be 19/(152/10) + 3/4. Let b(t) = 378*t + 28. What are the prime factors of b(o)?
2, 7
Suppose -269952 = -2924*u + 2887*u. What are the prime factors of u?
2, 3, 19
Suppose 0 = 6*x - 5*x - 26. Suppose -4*o + 3*o - x = -5*u, u = -2. List the prime factors of (134/3)/((-8)/o).
3, 67
Suppose 0 = 4*j - 3*f - 6, 2*f + 3*f - 1 = 3*j. Suppose -8 = 2*c + 5*n, -5*c = -n - j - 4. List the prime factors of (c + -4)*14/(-6) + 0.
7
Suppose 5*a - 2*q = -0*q + 48, -2*a + q + 19 = 0. What are the prime factors of -223*9/((-45)/a)?
2, 223
Let p = 159 - 159. Suppose 2*a - 752 = -p*a. List the prime factors of a.
2, 47
Let a be 10 + (0 - 3)/((-36)/(-48)). Let v be 2/8 + -28*a/(-96). Suppose -5*n + 0 = -25, 5*r + v*n = 840. What are the prime factors of r?
2, 83
Suppose -s - 4*b = 6, 5*s = 5*b - 21 - 9. What are the prime factors of (7 - (-4 - 4))/(s/(-278))?
5, 139
Let o = -900 - -195. What are the prime factors of 2*(o/(-10) - 4)?
7, 19
Suppose -2*a + 5*a = -1659. Let d = a + 911. What are the prime factors of d?
2, 179
Let a = -701 + 3916. Suppose 0 = 2*q + 4*b - 1272, 0 = 5*q + b + 2*b - a. List the prime factors of q.
2, 17, 19
Let l(c) = 2*c**3 + 8*c**2 - 4*c - 11. Let n be l(-4). Suppose 6*u + 5*f + 1381 = 10*u, -3*f + 1754 = n*u. List the prime factors of u.
349
Suppose 20050 - 96038 = -7*d + 2*p, 2*p = -